{"id":648,"date":"2019-04-27T16:11:39","date_gmt":"2019-04-27T16:11:39","guid":{"rendered":"http:\/\/szandi.eu\/aktualis\/?page_id=648"},"modified":"2024-01-19T16:44:17","modified_gmt":"2024-01-19T16:44:17","slug":"videok","status":"publish","type":"page","link":"https:\/\/szandi.eu\/aktualis\/videok\/","title":{"rendered":"Vide\u00f3k"},"content":{"rendered":"\t\t<div data-elementor-type=\"wp-post\" data-elementor-id=\"648\" class=\"elementor elementor-648\">\n\t\t\t\t\t\t\t\t\t<section class=\"elementor-section elementor-top-section elementor-element elementor-element-92bcaac elementor-section-boxed elementor-section-height-default elementor-section-height-default\" data-id=\"92bcaac\" data-element_type=\"section\">\n\t\t\t\t\t\t<div class=\"elementor-container elementor-column-gap-default\">\n\t\t\t\t\t<div class=\"elementor-column elementor-col-100 elementor-top-column elementor-element elementor-element-36b8e10\" data-id=\"36b8e10\" data-element_type=\"column\">\n\t\t\t<div class=\"elementor-widget-wrap elementor-element-populated\">\n\t\t\t\t\t\t\t\t<div class=\"elementor-element elementor-element-912ad66 elementor-widget elementor-widget-text-editor\" data-id=\"912ad66\" data-element_type=\"widget\" data-widget_type=\"text-editor.default\">\n\t\t\t\t<div class=\"elementor-widget-container\">\n\t\t\t\t\t\t\t<p>SZANDI VIDE\u00d3K A YOUTUBE-ON<\/p>\t\t\t\t\t\t<\/div>\n\t\t\t\t<\/div>\n\t\t\t\t\t<\/div>\n\t\t<\/div>\n\t\t\t\t\t\t\t<\/div>\n\t\t<\/section>\n\t\t\t\t<section class=\"elementor-section elementor-top-section elementor-element elementor-element-29fcc40 elementor-section-boxed elementor-section-height-default elementor-section-height-default\" data-id=\"29fcc40\" data-element_type=\"section\">\n\t\t\t\t\t\t<div class=\"elementor-container elementor-column-gap-default\">\n\t\t\t\t\t<div class=\"elementor-column elementor-col-100 elementor-top-column elementor-element elementor-element-616d3de\" data-id=\"616d3de\" data-element_type=\"column\">\n\t\t\t<div class=\"elementor-widget-wrap elementor-element-populated\">\n\t\t\t\t\t\t\t\t<div class=\"elementor-element elementor-element-2789d1d elementor-widget elementor-widget-text-editor\" data-id=\"2789d1d\" data-element_type=\"widget\" data-widget_type=\"text-editor.default\">\n\t\t\t\t<div class=\"elementor-widget-container\">\n\t\t\t\t\t\t\t<p><a href=\"https:\/\/www.youtube.com\/channel\/UCu-9gLONAAcw61tRAVEk_pw\/videos?fbclid=IwAR3nb3SiTbHn6xxMbX9a93jpBY5QII3Ob7Ta2mAxWZCkRioUX-SwMLquNCg\" target=\"_blank\" rel=\"noopener\"><img decoding=\"async\" class=\"size-medium wp-image-820 alignnone\" src=\"http:\/\/szandi.eu\/aktualis\/wp-content\/uploads\/2019\/06\/youtube_szandi-300x82.jpg\" alt=\"\" width=\"300\" height=\"82\" srcset=\"https:\/\/szandi.eu\/aktualis\/wp-content\/uploads\/2019\/06\/youtube_szandi-300x82.jpg 300w, https:\/\/szandi.eu\/aktualis\/wp-content\/uploads\/2019\/06\/youtube_szandi.jpg 512w\" sizes=\"(max-width: 300px) 100vw, 300px\" \/><\/a><\/p>\t\t\t\t\t\t<\/div>\n\t\t\t\t<\/div>\n\t\t\t\t\t<\/div>\n\t\t<\/div>\n\t\t\t\t\t\t\t<\/div>\n\t\t<\/section>\n\t\t\t\t<section class=\"elementor-section elementor-top-section elementor-element elementor-element-ad24474 elementor-section-boxed elementor-section-height-default elementor-section-height-default\" data-id=\"ad24474\" data-element_type=\"section\">\n\t\t\t\t\t\t<div class=\"elementor-container elementor-column-gap-default\">\n\t\t\t\t\t<div class=\"elementor-column elementor-col-100 elementor-top-column elementor-element elementor-element-1dc50c1\" data-id=\"1dc50c1\" data-element_type=\"column\">\n\t\t\t<div class=\"elementor-widget-wrap\">\n\t\t\t\t\t\t\t\t\t<\/div>\n\t\t<\/div>\n\t\t\t\t\t\t\t<\/div>\n\t\t<\/section>\n\t\t\t\t<section class=\"elementor-section elementor-top-section elementor-element elementor-element-4c43209 elementor-section-boxed elementor-section-height-default elementor-section-height-default\" data-id=\"4c43209\" data-element_type=\"section\">\n\t\t\t\t\t\t<div class=\"elementor-container elementor-column-gap-default\">\n\t\t\t\t\t<div class=\"elementor-column elementor-col-100 elementor-top-column elementor-element elementor-element-f0281e0\" data-id=\"f0281e0\" data-element_type=\"column\">\n\t\t\t<div class=\"elementor-widget-wrap elementor-element-populated\">\n\t\t\t\t\t\t\t\t<div class=\"elementor-element elementor-element-4fbb57e elementor-widget elementor-widget-video\" data-id=\"4fbb57e\" data-element_type=\"widget\" data-settings=\"{&quot;youtube_url&quot;:&quot;https:\\\/\\\/www.youtube.com\\\/watch?v=-mp-YbPEo7I&amp;ab_channel=Szandi&quot;,&quot;video_type&quot;:&quot;youtube&quot;,&quot;controls&quot;:&quot;yes&quot;}\" data-widget_type=\"video.default\">\n\t\t\t\t<div class=\"elementor-widget-container\">\n\t\t\t\t\t<div class=\"elementor-wrapper elementor-open-inline\">\n\t\t\t<div class=\"elementor-video\"><\/div>\t\t<\/div>\n\t\t\t\t<\/div>\n\t\t\t\t<\/div>\n\t\t\t\t\t<\/div>\n\t\t<\/div>\n\t\t\t\t\t\t\t<\/div>\n\t\t<\/section>\n\t\t\t\t<section class=\"elementor-section elementor-top-section elementor-element elementor-element-1d8e11f elementor-section-boxed elementor-section-height-default elementor-section-height-default\" data-id=\"1d8e11f\" data-element_type=\"section\">\n\t\t\t\t\t\t<div class=\"elementor-container elementor-column-gap-default\">\n\t\t\t\t\t<div class=\"elementor-column elementor-col-100 elementor-top-column elementor-element elementor-element-5f51e83\" data-id=\"5f51e83\" data-element_type=\"column\">\n\t\t\t<div class=\"elementor-widget-wrap elementor-element-populated\">\n\t\t\t\t\t\t\t\t<div class=\"elementor-element elementor-element-7fc39e7 elementor-widget elementor-widget-video\" data-id=\"7fc39e7\" data-element_type=\"widget\" data-settings=\"{&quot;youtube_url&quot;:&quot;https:\\\/\\\/youtu.be\\\/KL4TY3uCG1k&quot;,&quot;video_type&quot;:&quot;youtube&quot;,&quot;controls&quot;:&quot;yes&quot;}\" data-widget_type=\"video.default\">\n\t\t\t\t<div class=\"elementor-widget-container\">\n\t\t\t\t\t<div class=\"elementor-wrapper elementor-open-inline\">\n\t\t\t<div class=\"elementor-video\"><\/div>\t\t<\/div>\n\t\t\t\t<\/div>\n\t\t\t\t<\/div>\n\t\t\t\t\t<\/div>\n\t\t<\/div>\n\t\t\t\t\t\t\t<\/div>\n\t\t<\/section>\n\t\t\t\t<section class=\"elementor-section elementor-top-section elementor-element elementor-element-f7077f7 elementor-section-boxed elementor-section-height-default elementor-section-height-default\" data-id=\"f7077f7\" data-element_type=\"section\">\n\t\t\t\t\t\t<div class=\"elementor-container elementor-column-gap-default\">\n\t\t\t\t\t<div class=\"elementor-column elementor-col-100 elementor-top-column elementor-element elementor-element-51c3a10\" data-id=\"51c3a10\" data-element_type=\"column\">\n\t\t\t<div class=\"elementor-widget-wrap elementor-element-populated\">\n\t\t\t\t\t\t\t\t<div class=\"elementor-element elementor-element-62bcb98 elementor-widget elementor-widget-video\" data-id=\"62bcb98\" data-element_type=\"widget\" data-settings=\"{&quot;youtube_url&quot;:&quot;https:\\\/\\\/www.youtube.com\\\/watch?v=XvyVUNYE_9M&quot;,&quot;video_type&quot;:&quot;youtube&quot;,&quot;controls&quot;:&quot;yes&quot;}\" data-widget_type=\"video.default\">\n\t\t\t\t<div class=\"elementor-widget-container\">\n\t\t\t\t\t<div class=\"elementor-wrapper elementor-open-inline\">\n\t\t\t<div class=\"elementor-video\"><\/div>\t\t<\/div>\n\t\t\t\t<\/div>\n\t\t\t\t<\/div>\n\t\t\t\t\t<\/div>\n\t\t<\/div>\n\t\t\t\t\t\t\t<\/div>\n\t\t<\/section>\n\t\t\t\t<section class=\"elementor-section elementor-top-section elementor-element elementor-element-7617078 elementor-section-boxed elementor-section-height-default elementor-section-height-default\" data-id=\"7617078\" data-element_type=\"section\">\n\t\t\t\t\t\t<div class=\"elementor-container elementor-column-gap-default\">\n\t\t\t\t\t<div class=\"elementor-column elementor-col-100 elementor-top-column elementor-element elementor-element-09f4dc3\" data-id=\"09f4dc3\" data-element_type=\"column\">\n\t\t\t<div class=\"elementor-widget-wrap elementor-element-populated\">\n\t\t\t\t\t\t\t\t<div class=\"elementor-element elementor-element-dc8bed4 elementor-widget elementor-widget-video\" data-id=\"dc8bed4\" data-element_type=\"widget\" data-settings=\"{&quot;youtube_url&quot;:&quot;https:\\\/\\\/www.youtube.com\\\/watch?fbclid=IwAR1O9rtiIfMhitRaRsJb_cLnDgtGxBuGXXmEwkaJN3cE9WgtDjdtSUbvxhU&amp;v=yrkLcW0abkk&amp;feature=youtu.be&quot;,&quot;video_type&quot;:&quot;youtube&quot;,&quot;controls&quot;:&quot;yes&quot;}\" data-widget_type=\"video.default\">\n\t\t\t\t<div class=\"elementor-widget-container\">\n\t\t\t\t\t<div class=\"elementor-wrapper elementor-open-inline\">\n\t\t\t<div class=\"elementor-video\"><\/div>\t\t<\/div>\n\t\t\t\t<\/div>\n\t\t\t\t<\/div>\n\t\t\t\t\t<\/div>\n\t\t<\/div>\n\t\t\t\t\t\t\t<\/div>\n\t\t<\/section>\n\t\t\t\t<section class=\"elementor-section elementor-top-section elementor-element elementor-element-06f439b elementor-section-boxed elementor-section-height-default elementor-section-height-default\" data-id=\"06f439b\" data-element_type=\"section\">\n\t\t\t\t\t\t<div class=\"elementor-container elementor-column-gap-default\">\n\t\t\t\t\t<div class=\"elementor-column elementor-col-100 elementor-top-column elementor-element elementor-element-ac16272\" data-id=\"ac16272\" data-element_type=\"column\">\n\t\t\t<div class=\"elementor-widget-wrap elementor-element-populated\">\n\t\t\t\t\t\t\t\t<div class=\"elementor-element elementor-element-19ebff6 elementor-widget elementor-widget-video\" data-id=\"19ebff6\" data-element_type=\"widget\" data-settings=\"{&quot;youtube_url&quot;:&quot;https:\\\/\\\/www.youtube.com\\\/watch?v=TfnoGnUTJno&amp;ab_channel=Szandi&quot;,&quot;video_type&quot;:&quot;youtube&quot;,&quot;controls&quot;:&quot;yes&quot;}\" data-widget_type=\"video.default\">\n\t\t\t\t<div class=\"elementor-widget-container\">\n\t\t\t\t\t<div class=\"elementor-wrapper elementor-open-inline\">\n\t\t\t<div class=\"elementor-video\"><\/div>\t\t<\/div>\n\t\t\t\t<\/div>\n\t\t\t\t<\/div>\n\t\t\t\t\t<\/div>\n\t\t<\/div>\n\t\t\t\t\t\t\t<\/div>\n\t\t<\/section>\n\t\t\t\t<section class=\"elementor-section elementor-top-section elementor-element elementor-element-a348a70 elementor-section-boxed elementor-section-height-default elementor-section-height-default\" data-id=\"a348a70\" data-element_type=\"section\">\n\t\t\t\t\t\t<div class=\"elementor-container elementor-column-gap-default\">\n\t\t\t\t\t<div class=\"elementor-column elementor-col-100 elementor-top-column elementor-element elementor-element-3e13537\" data-id=\"3e13537\" data-element_type=\"column\">\n\t\t\t<div class=\"elementor-widget-wrap elementor-element-populated\">\n\t\t\t\t\t\t\t\t<div class=\"elementor-element elementor-element-8d92338 elementor-widget elementor-widget-video\" data-id=\"8d92338\" data-element_type=\"widget\" data-settings=\"{&quot;youtube_url&quot;:&quot;https:\\\/\\\/www.youtube.com\\\/watch?v=H7gjjeDBDxY&quot;,&quot;video_type&quot;:&quot;youtube&quot;,&quot;controls&quot;:&quot;yes&quot;}\" data-widget_type=\"video.default\">\n\t\t\t\t<div class=\"elementor-widget-container\">\n\t\t\t\t\t<div class=\"elementor-wrapper elementor-open-inline\">\n\t\t\t<div class=\"elementor-video\"><\/div>\t\t<\/div>\n\t\t\t\t<\/div>\n\t\t\t\t<\/div>\n\t\t\t\t\t<\/div>\n\t\t<\/div>\n\t\t\t\t\t\t\t<\/div>\n\t\t<\/section>\n\t\t\t\t<section class=\"elementor-section elementor-top-section elementor-element elementor-element-173054a elementor-section-boxed elementor-section-height-default elementor-section-height-default\" data-id=\"173054a\" data-element_type=\"section\">\n\t\t\t\t\t\t<div class=\"elementor-container elementor-column-gap-default\">\n\t\t\t\t\t<div class=\"elementor-column elementor-col-100 elementor-top-column elementor-element elementor-element-7ae0c90\" data-id=\"7ae0c90\" data-element_type=\"column\">\n\t\t\t<div class=\"elementor-widget-wrap elementor-element-populated\">\n\t\t\t\t\t\t\t\t<div class=\"elementor-element elementor-element-13ae4aa elementor-widget elementor-widget-video\" data-id=\"13ae4aa\" data-element_type=\"widget\" data-settings=\"{&quot;youtube_url&quot;:&quot;https:\\\/\\\/www.youtube.com\\\/watch?v=a6U7qat5p1g&quot;,&quot;video_type&quot;:&quot;youtube&quot;,&quot;controls&quot;:&quot;yes&quot;}\" data-widget_type=\"video.default\">\n\t\t\t\t<div class=\"elementor-widget-container\">\n\t\t\t\t\t<div class=\"elementor-wrapper elementor-open-inline\">\n\t\t\t<div class=\"elementor-video\"><\/div>\t\t<\/div>\n\t\t\t\t<\/div>\n\t\t\t\t<\/div>\n\t\t\t\t\t<\/div>\n\t\t<\/div>\n\t\t\t\t\t\t\t<\/div>\n\t\t<\/section>\n\t\t\t\t<section class=\"elementor-section elementor-top-section elementor-element elementor-element-b0e99c7 elementor-section-boxed elementor-section-height-default elementor-section-height-default\" data-id=\"b0e99c7\" data-element_type=\"section\">\n\t\t\t\t\t\t<div class=\"elementor-container elementor-column-gap-default\">\n\t\t\t\t\t<div class=\"elementor-column elementor-col-100 elementor-top-column elementor-element elementor-element-a208e85\" data-id=\"a208e85\" data-element_type=\"column\">\n\t\t\t<div class=\"elementor-widget-wrap elementor-element-populated\">\n\t\t\t\t\t\t\t\t<div class=\"elementor-element elementor-element-650538e elementor-widget elementor-widget-text-editor\" data-id=\"650538e\" data-element_type=\"widget\" data-widget_type=\"text-editor.default\">\n\t\t\t\t<div class=\"elementor-widget-container\">\n\t\t\t\t\t\t\t<p><iframe title=\"Szandi - Egyszeru\u030ben nagyszeru\u030b  \/Official Music Video\/\" width=\"1120\" height=\"630\" src=\"https:\/\/www.youtube.com\/embed\/tNINqi820Lk?feature=oembed\" frameborder=\"0\" allow=\"accelerometer; autoplay; clipboard-write; encrypted-media; gyroscope; picture-in-picture; web-share\" allowfullscreen><\/iframe><\/p><p><iframe title=\"Szandi : Anya \/2020-as \u00daj Hivatalos V\u00e1ltozat\/\" width=\"1120\" height=\"630\" src=\"https:\/\/www.youtube.com\/embed\/hhNfJcIBCwY?feature=oembed\" frameborder=\"0\" allow=\"accelerometer; autoplay; clipboard-write; encrypted-media; gyroscope; picture-in-picture; web-share\" allowfullscreen><\/iframe><\/p><p><iframe title=\"Szandi - Hi\u0301v egy u\u0301j reme\u0301ny \/Official Music Video\/\" width=\"1120\" height=\"630\" src=\"https:\/\/www.youtube.com\/embed\/AnMa5d-kTyA?feature=oembed\" frameborder=\"0\" allow=\"accelerometer; autoplay; clipboard-write; encrypted-media; gyroscope; picture-in-picture; web-share\" allowfullscreen><\/iframe><\/p><p><iframe title=\"Szandi - A legszebb \u00fcnnep\" width=\"1120\" height=\"630\" src=\"https:\/\/www.youtube.com\/embed\/1pZivgT-VKg?feature=oembed\" frameborder=\"0\" allow=\"accelerometer; autoplay; clipboard-write; encrypted-media; gyroscope; picture-in-picture; web-share\" allowfullscreen><\/iframe><\/p><p><iframe title=\"Szandi - Bogd\u00e1n Blanka: Silent Night\" width=\"1120\" height=\"630\" src=\"https:\/\/www.youtube.com\/embed\/l2l449BObiM?feature=oembed\" frameborder=\"0\" allow=\"accelerometer; autoplay; clipboard-write; encrypted-media; gyroscope; picture-in-picture; web-share\" allowfullscreen><\/iframe><\/p><p><iframe title=\"Szandi - A Mikul\u00e1s sz\u00e1nja \/Az eredeti klip Szandival\/\" width=\"1120\" height=\"630\" src=\"https:\/\/www.youtube.com\/embed\/nuIymSKXKJo?feature=oembed\" frameborder=\"0\" allow=\"accelerometer; autoplay; clipboard-write; encrypted-media; gyroscope; picture-in-picture; web-share\" allowfullscreen><\/iframe><\/p><p><iframe title=\"Szandi-Bu\u0301csu\u0301znunk kell \/Az eredeti klip Szandival\/\" width=\"1120\" height=\"630\" src=\"https:\/\/www.youtube.com\/embed\/LSJ0ZKjX-DE?feature=oembed\" frameborder=\"0\" allow=\"accelerometer; autoplay; clipboard-write; encrypted-media; gyroscope; picture-in-picture; web-share\" allowfullscreen><\/iframe><\/p><p><iframe title=\"Szandi - M\u00e1shol nem lelsz h\u00e1zat, haz\u00e1t\" width=\"1120\" height=\"630\" src=\"https:\/\/www.youtube.com\/embed\/x8iMZnptjWA?feature=oembed\" frameborder=\"0\" allow=\"accelerometer; autoplay; clipboard-write; encrypted-media; gyroscope; picture-in-picture; web-share\" allowfullscreen><\/iframe><\/p>\t\t\t\t\t\t<\/div>\n\t\t\t\t<\/div>\n\t\t\t\t\t<\/div>\n\t\t<\/div>\n\t\t\t\t\t\t\t<\/div>\n\t\t<\/section>\n\t\t\t\t<section class=\"elementor-section elementor-top-section elementor-element elementor-element-3f7a1b6 elementor-section-boxed elementor-section-height-default elementor-section-height-default\" data-id=\"3f7a1b6\" data-element_type=\"section\">\n\t\t\t\t\t\t<div class=\"elementor-container elementor-column-gap-default\">\n\t\t\t\t\t<div class=\"elementor-column elementor-col-100 elementor-top-column elementor-element elementor-element-e3217ee\" data-id=\"e3217ee\" data-element_type=\"column\">\n\t\t\t<div class=\"elementor-widget-wrap elementor-element-populated\">\n\t\t\t\t\t\t\t\t<div class=\"elementor-element elementor-element-8b4416a elementor-widget elementor-widget-video\" data-id=\"8b4416a\" data-element_type=\"widget\" data-settings=\"{&quot;youtube_url&quot;:&quot;https:\\\/\\\/www.youtube.com\\\/watch?v=4-o1SHukSEw&quot;,&quot;video_type&quot;:&quot;youtube&quot;,&quot;controls&quot;:&quot;yes&quot;}\" data-widget_type=\"video.default\">\n\t\t\t\t<div class=\"elementor-widget-container\">\n\t\t\t\t\t<div class=\"elementor-wrapper elementor-open-inline\">\n\t\t\t<div class=\"elementor-video\"><\/div>\t\t<\/div>\n\t\t\t\t<\/div>\n\t\t\t\t<\/div>\n\t\t\t\t\t<\/div>\n\t\t<\/div>\n\t\t\t\t\t\t\t<\/div>\n\t\t<\/section>\n\t\t\t\t<section class=\"elementor-section elementor-top-section elementor-element elementor-element-e15b057 elementor-section-boxed elementor-section-height-default elementor-section-height-default\" data-id=\"e15b057\" data-element_type=\"section\">\n\t\t\t\t\t\t<div class=\"elementor-container elementor-column-gap-default\">\n\t\t\t\t\t<div class=\"elementor-column elementor-col-100 elementor-top-column elementor-element elementor-element-6dedec4\" data-id=\"6dedec4\" data-element_type=\"column\">\n\t\t\t<div class=\"elementor-widget-wrap elementor-element-populated\">\n\t\t\t\t\t\t\t\t<div class=\"elementor-element elementor-element-d089a7b elementor-widget elementor-widget-image\" data-id=\"d089a7b\" data-element_type=\"widget\" data-widget_type=\"image.default\">\n\t\t\t\t<div class=\"elementor-widget-container\">\n\t\t\t\t\t\t\t\t\t\t\t\t\t\t\t<img decoding=\"async\" src=\"https:\/\/szandi.eu\/aktualis\/wp-content\/uploads\/2019\/04\/instagram.jpg\" title=\"instagram\" alt=\"instagram\" loading=\"lazy\" \/>\t\t\t\t\t\t\t\t\t\t\t\t\t\t\t<\/div>\n\t\t\t\t<\/div>\n\t\t\t\t<div class=\"elementor-element elementor-element-787a055 elementor-widget elementor-widget-text-editor\" data-id=\"787a055\" data-element_type=\"widget\" data-widget_type=\"text-editor.default\">\n\t\t\t\t<div class=\"elementor-widget-container\">\n\t\t\t\t\t\t\t<p><code>[instagram-feed num=4 cols=4]<\/code><\/p>\t\t\t\t\t\t<\/div>\n\t\t\t\t<\/div>\n\t\t\t\t\t<\/div>\n\t\t<\/div>\n\t\t\t\t\t\t\t<\/div>\n\t\t<\/section>\n\t\t\t\t<section class=\"elementor-section elementor-top-section elementor-element elementor-element-7d11d8a elementor-section-boxed elementor-section-height-default elementor-section-height-default\" data-id=\"7d11d8a\" data-element_type=\"section\">\n\t\t\t\t\t\t<div class=\"elementor-container elementor-column-gap-default\">\n\t\t\t\t\t<div class=\"elementor-column elementor-col-100 elementor-top-column elementor-element elementor-element-cd2a68f\" data-id=\"cd2a68f\" data-element_type=\"column\">\n\t\t\t<div class=\"elementor-widget-wrap elementor-element-populated\">\n\t\t\t\t\t\t\t\t<section class=\"elementor-section elementor-inner-section elementor-element elementor-element-c4e987f elementor-section-boxed elementor-section-height-default elementor-section-height-default\" data-id=\"c4e987f\" data-element_type=\"section\">\n\t\t\t\t\t\t<div class=\"elementor-container elementor-column-gap-default\">\n\t\t\t\t\t<div class=\"elementor-column elementor-col-50 elementor-inner-column elementor-element elementor-element-b3c6af0\" data-id=\"b3c6af0\" data-element_type=\"column\">\n\t\t\t<div class=\"elementor-widget-wrap\">\n\t\t\t\t\t\t\t\t\t<\/div>\n\t\t<\/div>\n\t\t\t\t<div class=\"elementor-column elementor-col-50 elementor-inner-column elementor-element elementor-element-83bc4c9\" data-id=\"83bc4c9\" data-element_type=\"column\">\n\t\t\t<div class=\"elementor-widget-wrap\">\n\t\t\t\t\t\t\t\t\t<\/div>\n\t\t<\/div>\n\t\t\t\t\t\t\t<\/div>\n\t\t<\/section>\n\t\t\t\t\t<\/div>\n\t\t<\/div>\n\t\t\t\t\t\t\t<\/div>\n\t\t<\/section>\n\t\t\t\t\t\t\t<\/div>\n\t\t","protected":false},"excerpt":{"rendered":"<p>SZANDI VIDE\u00d3K A YOUTUBE-ON https:\/\/www.youtube.com\/watch?v=-mp-YbPEo7I&#038;ab_channel=Szandihttps:\/\/youtu.be\/KL4TY3uCG1khttps:\/\/www.youtube.com\/watch?v=XvyVUNYE_9Mhttps:\/\/www.youtube.com\/watch?fbclid=IwAR1O9rtiIfMhitRaRsJb_cLnDgtGxBuGXXmEwkaJN3cE9WgtDjdtSUbvxhU&#038;v=yrkLcW0abkk&#038;feature=youtu.behttps:\/\/www.youtube.com\/watch?v=TfnoGnUTJno&#038;ab_channel=Szandihttps:\/\/www.youtube.com\/watch?v=H7gjjeDBDxYhttps:\/\/www.youtube.com\/watch?v=a6U7qat5p1g https:\/\/www.youtube.com\/watch?v=4-o1SHukSEw [instagram-feed num=4 cols=4]<\/p>\n","protected":false},"author":1,"featured_media":0,"parent":0,"menu_order":0,"comment_status":"closed","ping_status":"closed","template":"elementor_header_footer","meta":{"footnotes":""},"yoast_head":"<!-- This site is optimized with the Yoast SEO plugin v21.8 - https:\/\/yoast.com\/wordpress\/plugins\/seo\/ -->\n<title>Vide\u00f3k - Szandi<\/title>\n<meta name=\"robots\" content=\"index, follow, max-snippet:-1, max-image-preview:large, max-video-preview:-1\" \/>\n<link rel=\"canonical\" href=\"https:\/\/szandi.eu\/aktualis\/videok\/\" \/>\n<meta property=\"og:locale\" content=\"hu_HU\" \/>\n<meta property=\"og:type\" content=\"article\" \/>\n<meta property=\"og:title\" content=\"Szandi vide\u00f3k\" \/>\n<meta property=\"og:description\" content=\"SZANDI VIDE\u00d3K A YOUTUBE-ON https:\/\/www.youtube.com\/watch?v=-mp-YbPEo7I&#038;ab_channel=Szandihttps:\/\/youtu.be\/KL4TY3uCG1khttps:\/\/www.youtube.com\/watch?v=XvyVUNYE_9Mhttps:\/\/www.youtube.com\/watch?fbclid=IwAR1O9rtiIfMhitRaRsJb_cLnDgtGxBuGXXmEwkaJN3cE9WgtDjdtSUbvxhU&#038;v=yrkLcW0abkk&#038;feature=youtu.behttps:\/\/www.youtube.com\/watch?v=TfnoGnUTJno&#038;ab_channel=Szandihttps:\/\/www.youtube.com\/watch?v=H7gjjeDBDxYhttps:\/\/www.youtube.com\/watch?v=a6U7qat5p1g https:\/\/www.youtube.com\/watch?v=4-o1SHukSEw [instagram-feed num=4 cols=4]\" \/>\n<meta property=\"og:url\" content=\"https:\/\/szandi.eu\/aktualis\/videok\/\" \/>\n<meta property=\"og:site_name\" content=\"Szandi\" \/>\n<meta property=\"article:modified_time\" content=\"2024-01-19T16:44:17+00:00\" \/>\n<meta property=\"og:image\" content=\"https:\/\/szandi.eu\/aktualis\/wp-content\/uploads\/2019\/04\/szandi_nap.jpg\" \/>\n\t<meta property=\"og:image:width\" content=\"800\" \/>\n\t<meta property=\"og:image:height\" content=\"534\" \/>\n\t<meta property=\"og:image:type\" content=\"image\/jpeg\" \/>\n<meta name=\"twitter:card\" content=\"summary_large_image\" \/>\n<meta name=\"twitter:label1\" content=\"Becs\u00fclt olvas\u00e1si id\u0151\" \/>\n\t<meta name=\"twitter:data1\" content=\"1 perc\" \/>\n<script type=\"application\/ld+json\" class=\"yoast-schema-graph\">{\"@context\":\"https:\/\/schema.org\",\"@graph\":[{\"@type\":\"WebPage\",\"@id\":\"https:\/\/szandi.eu\/aktualis\/videok\/\",\"url\":\"https:\/\/szandi.eu\/aktualis\/videok\/\",\"name\":\"Vide\u00f3k - Szandi\",\"isPartOf\":{\"@id\":\"https:\/\/szandi.eu\/aktualis\/#website\"},\"datePublished\":\"2019-04-27T16:11:39+00:00\",\"dateModified\":\"2024-01-19T16:44:17+00:00\",\"breadcrumb\":{\"@id\":\"https:\/\/szandi.eu\/aktualis\/videok\/#breadcrumb\"},\"inLanguage\":\"hu\",\"potentialAction\":[{\"@type\":\"ReadAction\",\"target\":[\"https:\/\/szandi.eu\/aktualis\/videok\/\"]}]},{\"@type\":\"BreadcrumbList\",\"@id\":\"https:\/\/szandi.eu\/aktualis\/videok\/#breadcrumb\",\"itemListElement\":[{\"@type\":\"ListItem\",\"position\":1,\"name\":\"Home\",\"item\":\"https:\/\/szandi.eu\/aktualis\/\"},{\"@type\":\"ListItem\",\"position\":2,\"name\":\"Vide\u00f3k\"}]},{\"@type\":\"WebSite\",\"@id\":\"https:\/\/szandi.eu\/aktualis\/#website\",\"url\":\"https:\/\/szandi.eu\/aktualis\/\",\"name\":\"Szandi\",\"description\":\"\",\"potentialAction\":[{\"@type\":\"SearchAction\",\"target\":{\"@type\":\"EntryPoint\",\"urlTemplate\":\"https:\/\/szandi.eu\/aktualis\/?s={search_term_string}\"},\"query-input\":\"required name=search_term_string\"}],\"inLanguage\":\"hu\"}]}<\/script>\n<!-- \/ Yoast SEO plugin. -->","yoast_head_json":{"title":"Vide\u00f3k - Szandi","robots":{"index":"index","follow":"follow","max-snippet":"max-snippet:-1","max-image-preview":"max-image-preview:large","max-video-preview":"max-video-preview:-1"},"canonical":"https:\/\/szandi.eu\/aktualis\/videok\/","og_locale":"hu_HU","og_type":"article","og_title":"Szandi vide\u00f3k","og_description":"SZANDI VIDE\u00d3K A YOUTUBE-ON https:\/\/www.youtube.com\/watch?v=-mp-YbPEo7I&#038;ab_channel=Szandihttps:\/\/youtu.be\/KL4TY3uCG1khttps:\/\/www.youtube.com\/watch?v=XvyVUNYE_9Mhttps:\/\/www.youtube.com\/watch?fbclid=IwAR1O9rtiIfMhitRaRsJb_cLnDgtGxBuGXXmEwkaJN3cE9WgtDjdtSUbvxhU&#038;v=yrkLcW0abkk&#038;feature=youtu.behttps:\/\/www.youtube.com\/watch?v=TfnoGnUTJno&#038;ab_channel=Szandihttps:\/\/www.youtube.com\/watch?v=H7gjjeDBDxYhttps:\/\/www.youtube.com\/watch?v=a6U7qat5p1g https:\/\/www.youtube.com\/watch?v=4-o1SHukSEw [instagram-feed num=4 cols=4]","og_url":"https:\/\/szandi.eu\/aktualis\/videok\/","og_site_name":"Szandi","article_modified_time":"2024-01-19T16:44:17+00:00","og_image":[{"width":800,"height":534,"url":"https:\/\/szandi.eu\/aktualis\/wp-content\/uploads\/2019\/04\/szandi_nap.jpg","type":"image\/jpeg"}],"twitter_card":"summary_large_image","twitter_misc":{"Becs\u00fclt olvas\u00e1si id\u0151":"1 perc"},"schema":{"@context":"https:\/\/schema.org","@graph":[{"@type":"WebPage","@id":"https:\/\/szandi.eu\/aktualis\/videok\/","url":"https:\/\/szandi.eu\/aktualis\/videok\/","name":"Vide\u00f3k - Szandi","isPartOf":{"@id":"https:\/\/szandi.eu\/aktualis\/#website"},"datePublished":"2019-04-27T16:11:39+00:00","dateModified":"2024-01-19T16:44:17+00:00","breadcrumb":{"@id":"https:\/\/szandi.eu\/aktualis\/videok\/#breadcrumb"},"inLanguage":"hu","potentialAction":[{"@type":"ReadAction","target":["https:\/\/szandi.eu\/aktualis\/videok\/"]}]},{"@type":"BreadcrumbList","@id":"https:\/\/szandi.eu\/aktualis\/videok\/#breadcrumb","itemListElement":[{"@type":"ListItem","position":1,"name":"Home","item":"https:\/\/szandi.eu\/aktualis\/"},{"@type":"ListItem","position":2,"name":"Vide\u00f3k"}]},{"@type":"WebSite","@id":"https:\/\/szandi.eu\/aktualis\/#website","url":"https:\/\/szandi.eu\/aktualis\/","name":"Szandi","description":"","potentialAction":[{"@type":"SearchAction","target":{"@type":"EntryPoint","urlTemplate":"https:\/\/szandi.eu\/aktualis\/?s={search_term_string}"},"query-input":"required name=search_term_string"}],"inLanguage":"hu"}]}},"_links":{"self":[{"href":"https:\/\/szandi.eu\/aktualis\/wp-json\/wp\/v2\/pages\/648"}],"collection":[{"href":"https:\/\/szandi.eu\/aktualis\/wp-json\/wp\/v2\/pages"}],"about":[{"href":"https:\/\/szandi.eu\/aktualis\/wp-json\/wp\/v2\/types\/page"}],"author":[{"embeddable":true,"href":"https:\/\/szandi.eu\/aktualis\/wp-json\/wp\/v2\/users\/1"}],"replies":[{"embeddable":true,"href":"https:\/\/szandi.eu\/aktualis\/wp-json\/wp\/v2\/comments?post=648"}],"version-history":[{"count":53,"href":"https:\/\/szandi.eu\/aktualis\/wp-json\/wp\/v2\/pages\/648\/revisions"}],"predecessor-version":[{"id":2562,"href":"https:\/\/szandi.eu\/aktualis\/wp-json\/wp\/v2\/pages\/648\/revisions\/2562"}],"wp:attachment":[{"href":"https:\/\/szandi.eu\/aktualis\/wp-json\/wp\/v2\/media?parent=648"}],"curies":[{"name":"wp","href":"https:\/\/api.w.org\/{rel}","templated":true}]}}